5 and 30.
15
Calculate the highest common divisor of 12116 and 104.
52
What is the greatest common factor of 168 and 70?
14
Calculate the greatest common divisor of 4488 and 44.
44
Calculate the greatest common factor of 1509 and 12.
3
Calculate the highest common factor of 48 and 4864.
16
Calculate the greatest common divisor of 2366 and 28.
14
Calculate the greatest common factor of 67 and 1340.
67
What is the highest common factor of 22 and 44?
22
Calculate the greatest common factor of 240 and 30.
30
Calculate the greatest common divisor of 9228 and 12.
12
What is the greatest common divisor of 224 and 98?
14
Calculate the highest common factor of 123417 and 27.
27
Calculate the highest common divisor of 684 and 152.
76
What is the highest common factor of 24 and 168?
24
What is the greatest common factor of 13992 and 2226?
318
Calculate the highest common divisor of 132 and 3156.
12
What is the highest common divisor of 15 and 1920?
15
What is the greatest common divisor of 51 and 9843?
51
What is the greatest common divisor of 336 and 2667?
21
What is the highest common factor of 531 and 27?
9
What is the highest common factor of 30 and 1110?
30
Calculate the greatest common factor of 1235 and 380.
95
What is the greatest common factor of 5170 and 165?
55
What is the highest common divisor of 8835 and 62?
31
What is the greatest common divisor of 30 and 430?
10
What is the highest common divisor of 98 and 1330?
14
Calculate the greatest common divisor of 171 and 133.
19
What is the highest common divisor of 190 and 10?
10
Calculate the highest common divisor of 1118 and 172.
86
Calculate the greatest common factor of 117 and 9.
9
Calculate the highest common divisor of 11074 and 70.
14
What is the greatest common divisor of 6 and 3156?
6
What is the highest common divisor of 39 and 1300?
13
What is the greatest common factor of 147 and 24?
3
What is the highest common factor of 1600 and 11520?
320
Calculate the highest common factor of 9 and 729.
9
Calculate the greatest common divisor of 1510 and 1057.
151
Calculate the greatest common factor of 13 and 325.
13
What is the greatest common divisor of 18 and 25164?
18
Calculate the greatest common divisor of 48 and 84.
12
Calculate the highest common factor of 2976 and 93.
93
What is the highest common divisor of 9112 and 16?
8
What is the greatest common factor of 255 and 4760?
85
What is the highest common factor of 198 and 11?
11
What is the greatest common factor of 12 and 756?
12
Calculate the greatest common divisor of 19 and 304.
19
What is the highest common divisor of 3 and 70?
1
What is the greatest common factor of 8 and 468?
4
Calculate the greatest common divisor of 52 and 195.
13
What is the highest common factor of 1350 and 50?
50
What is the greatest common factor of 2523 and 145?
29
Calculate the highest common factor of 867 and 153.
51
Calculate the greatest common factor of 40 and 50.
10
Calculate the greatest common factor of 294 and 112.
14
What is the highest common factor of 295 and 7847?
59
Calculate the greatest common factor of 744 and 713.
31
What is the greatest common factor of 6 and 132?
6
Calculate the greatest common factor of 21280 and 40.
40
Calculate the highest common factor of 442 and 26.
26
Calculate the greatest common factor of 237 and 2449.
79
Calculate the greatest common divisor of 234 and 27846.
234
Calculate the greatest common factor of 186 and 3813.
93
Calculate the highest common factor of 224 and 49.
7
Calculate the greatest common divisor of 4515 and 945.
105
What is the greatest common factor of 29722 and 154?
154
Calculate the highest common factor of 4 and 172.
4
What is the greatest common divisor of 10 and 4010?
10
Calculate the highest common factor of 20880 and 180.
180
Calculate the greatest common factor of 12 and 700.
4
Calculate the greatest common divisor of 11 and 99.
11
What is the greatest common factor of 994 and 434?
14
What is the greatest common factor of 150 and 30?
30
What is the greatest common divisor of 2977 and 117?
13
What is the highest common divisor of 182 and 1664?
26
What is the greatest common factor of 36 and 3429?
9
Calculate the greatest common divisor of 279 and 434.
31
Calculate the greatest common factor of 145 and 235.
5
What is the greatest common divisor of 24 and 72?
24
What is the greatest common divisor of 133 and 190?
19
Calculate the highest common divisor of 1 and 18.
1
Calculate the greatest common factor of 28267 and 23.
23
What is the greatest common factor of 852 and 20?
4
Calculate the greatest common divisor of 846 and 36.
18
Calculate the greatest common factor of 10 and 95.
5
Calculate the greatest common divisor of 280 and 1260.
140
What is the greatest common factor of 468 and 300?
12
Calculate the highest common factor of 131 and 31309.
131
Calculate the highest common factor of 150 and 2050.
50
What is the greatest common factor of 2709 and 9?
9
What is the highest common divisor of 56 and 700?
28
Calculate the greatest common factor of 2560 and 10.
10
What is the greatest common factor of 254 and 32258?
254
What is the highest common divisor of 2482 and 1606?
146
Calculate the greatest common divisor of 180 and 40.
20
What is the greatest common factor of 209 and 532?
19
What is the highest common divisor of 908 and 16?
4
Calculate the highest common divisor of 37130 and 316.
158
Calculate the highest common factor of 20 and 68.
4
What is the highest common factor of 835 and 10?
5
Calculate the highest common factor of 22036 and 28.
28
What is the highest common divisor of 225 and 18?
9
What is the greatest common factor of 231 and 168?
21
Calculate the greatest common divisor of 5915 and 35.
35
What is the greatest common divisor of 240 and 510?
30
What is the highest common divisor of 42 and 6?
6
What is the greatest common factor of 7820 and 184?
92
What is the highest common divisor of 402 and 938?
134
What is the highest common factor of 543 and 12?
3
What is the highest common divisor of 32 and 208?
16
What is the greatest common factor of 18 and 3042?
18
Calculate the highest common factor of 2760 and 96.
24
Calculate the highest common factor of 840 and 23240.
280
What is the highest common factor of 224 and 14?
14
What is the greatest common divisor of 400 and 6080?
80
Calculate the greatest common divisor of 1404 and 13.
13
Calculate the highest common divisor of 37 and 2701.
37
What is the greatest common factor of 70 and 1690?
10
Calculate the highest common divisor of 76 and 276.
4
Calculate the greatest common divisor of 411 and 1096.
137
Calculate the highest common factor of 44 and 4477.
11
What is the highest common factor of 241 and 2?
1
Calculate the highest common divisor of 70 and 30.
10
What is the highest common divisor of 153 and 969?
51
Calculate the greatest common divisor of 39 and 9.
3
Calculate the greatest common factor of 11 and 352.
11
What is the highest common factor of 2256 and 192?
48
Calculate the highest common divisor of 17 and 119.
17
Calculate the highest common divisor of 33 and 43373.
11
Calculate the highest common divisor of 7948 and 4.
4
Calculate the greatest common factor of 2 and 822.
2
What is the greatest common divisor of 480 and 176?
16
Calculate the highest common divisor of 56 and 3304.
56
Calculate the highest common factor of 60 and 6810.
30
What is the highest common factor of 68 and 289?
17
What is the greatest common factor of 112 and 512?
16
Calculate the highest common factor of 11 and 6457.
11
Calculate the highest common divisor of 31 and 155.
31
What is the highest common factor of 57 and 9120?
57
What is the highest common factor of 17 and 918?
17
Calculate the greatest common divisor of 264 and 17622.
66
What is the greatest common divisor of 40875 and 327?
327
Calculate the greatest common factor of 11 and 1441.
11
What is the highest common divisor of 247 and 152?
19
What is the highest common factor of 60 and 540?
60
What is the greatest common divisor of 3689 and 187?
17
What is the highest common divisor of 1624 and 16?
8
Calculate the highest common factor of 1 and 1.
1
Calculate the highest common divisor of 10 and 42.
2
Calculate the greatest common divisor of 3790 and 50.
10
Calculate the greatest comm